{"id":3,"date":"2024-09-19T18:37:41","date_gmt":"2024-09-19T18:37:41","guid":{"rendered":"https:\/\/mitaxi.com.mx\/?page_id=3"},"modified":"2025-06-05T02:52:03","modified_gmt":"2025-06-05T02:52:03","slug":"privacy-policy","status":"publish","type":"page","link":"https:\/\/mitaxi.com.mx\/?page_id=3","title":{"rendered":"AVISO DE PRIVACIDAD"},"content":{"rendered":"<h2 class=\"wp-block-heading\"><\/h2><p>El presente Aviso de Privacidad se rige conforme a las leyes aplicables en materia de protecci\u00f3n de datos personales y privacidad de la informaci\u00f3n, derivado de que el responsable del tratamiento es la empresa UbicaTplus, cuyo establecimiento se encuentra en M\u00e9xico.<\/p><p><strong>Responsable del Tratamiento: <\/strong>UbicaTplus, con domicilio en calle Centro M\u00e9dico #210 int. 202. Colonia Independencia en Guadalajara, Jalisco. Ser\u00e1 el&nbsp; responsable del tratamiento y cuidado de sus datos personales.<\/p><p><strong>Definiciones: <\/strong>Para efectos del presente Aviso de Privacidad, se entiende por:<\/p><ul class=\"wp-block-list\"><li>Conductor: El Usuario que acceda, navegue o utilice UbicaTplus, para proporcionar un servicio.<\/li>\n\n<li>Pasajero: El usuario que acceda o navegue o descargue la app UbicaTplus y los sitios web relevantes de UbicaTplus para solicitar los Servicios de Transporte.<\/li>\n\n<li>Remitente: El Usuario que acceda, navegue o utilice UbicaTplus y los sitios web correspondientes a UbicaTplus para solicitar sus Servicios.<\/li>\n\n<li>Servicios de Trasporte: Los Servicios de Transporte P\u00fablico de autom\u00f3vil, ya sea individual o compartido, que el conductor proporciona el pasajero, a trav\u00e9s del uso el de la Plataforma.<\/li><\/ul><p>Alcance: El presente Aviso de Privacidad aplicara al usuario que acceda, navegue o utilice la app UbicaTplus y cualquier otro que se incluya de tiempo en tiempo, salvo que dicho producto cuente con un aviso de privacidad especifico.<\/p><p><strong>Categor\u00eda de datos personales objeto de tratamiento: <\/strong>Para cumplir con las finalidades del tratamiento se\u00f1aladas en el presente Aviso de Privacidad, es necesario recabar y dar tratamiento a las siguientes categor\u00edas de datos personales:<\/p><ul class=\"wp-block-list\"><li>Datos de identificaci\u00f3n, incluyendo su imagen personal;<\/li>\n\n<li>Datos de autenticaci\u00f3n, incluyendo informaci\u00f3n biom\u00e9trica;<\/li>\n\n<li>Datos de contacto;<\/li>\n\n<li>Datos de Ubicaci\u00f3n;<\/li>\n\n<li>Datos<\/li>\n\n<li>Geolocalizaci\u00f3n;<\/li>\n\n<li>Datos Patrimoniales;<\/li>\n\n<li>Datos Acad\u00e9micos;<\/li>\n\n<li>Datos relacionados a los Servicios;<\/li>\n\n<li>Datos relacionados a los servicios de Transporte;<\/li>\n\n<li>Datos relacionados a los servicios de entrega;<\/li>\n\n<li>Datos derivados del uso o utilizaci\u00f3n que usted haga de la plataforma.<\/li><\/ul><p>En caso de que usted nos proporcione datos personales de terceros, al hacer uso de la app y\/o nuestro Servicios, usted reconoce que cuenta con el consentimiento de dichos terceros para compartir sus datos personales a UbicaTplus y se hace responsable de cualquier comunicaci\u00f3n no autorizada de datos personales de dichos terceros.<\/p><p><strong>Datos personales sensibles sujetos al tratamiento: <\/strong>UbicaTplus recabara datos personales sensibles relacionados con su estado de salud y sus antecedentes penales, de acuerdo con la legislaci\u00f3n aplicable. Le recordamos que un dato sensible es cualquier informaci\u00f3n que afecta a la esfera m\u00e1s \u00edntima de su titular, o cuya utilizaci\u00f3n indebida pueda dar origen a discriminaci\u00f3n o conlleve un riesgo grave para este. En particular se consideran sensibles aquellos que puedan revelar aspectos como origen racial o \u00e9tnico, estado de salud presente y futura, informaci\u00f3n gen\u00e9tica, creencias religiosas, filos\u00f3ficas y morales, afiliaci\u00f3n sindical, opiniones pol\u00edticas y preferencias sexuales.<\/p><p>Asimismo, le informamos que UbicaTplus har\u00e1 uso de sus datos biom\u00e9tricos de reconocimiento facial con el prop\u00f3sito de verificar su identidad y prevenir fraudes, lo cual puede ser catalogado como un dato personal sensible.<\/p><p><strong>Para que usamos sus datos personales: <\/strong>UbicaTplus tratara sus datos personales antes descritos para realizar las siguientes finalidades primarias:<\/p><p>Presentar los servicios de conformidad con los t\u00e9rminos y condiciones aplicables.<\/p><p>Registrarlo como conductor en la plataforma y generarle un perfil en nuestros sistemas.<\/p><p>Validarla la informaci\u00f3n que nos proporcione para registrarlo como conductor en la plataforma.<\/p><p>Verificar su identidad, antecedentes y cumplimiento de los requisitos legales para registrarlo como conductor en la plataforma.<\/p><p><strong>Recabar o solicitar informaci\u00f3n espec\u00edfica relacionada con los servicios, los Servicios de Transporte, los Servicios de Entrega, y\/o el uso de Plataforma; ofrecer, obtener, proporcionar o facilitar soluciones de seguros, veh\u00edculos, facturaci\u00f3n o financiamiento en relaci\u00f3n con los Servicios de Transporte y\/o los Servicios de entrega que Usted proporciona a trav\u00e9s de la Plataforma.<\/strong><\/p><p>Permite que el pasajero lo conozca&nbsp; y se identifique con usted.<\/p><p>En caso de que usted se encuentre vinculado con Socio No Conductor.<\/p><ol style=\"list-style-type:upper-roman\" class=\"wp-block-list\"><li>Compartir sus datos de contacto con este para permitir la comunicaci\u00f3n entre ustedes y<\/li>\n\n<li>Compartir con el Socio No Conductor informaci\u00f3n de los viajes y la actividad que realice a trav\u00e9s de la plataforma, relacionada con los veh\u00edculos Registrados por el Socio No Conductor.<\/li><\/ol><p>Compartir la evaluaci\u00f3n an\u00f3nima que realicen los pasajeros sobre usted con otro pasajero y, en su caso, con el Socio No conductor con el que usted se encuentre vinculado.<\/p><p>Recabar informaci\u00f3n de los viajes que realice a trav\u00e9s de la Plataforma incluyendo lugar de partida y destino, fecha y hora del viaje, localizaci\u00f3n en tiempo real, duraci\u00f3n, kil\u00f3metros recorridos, monto cobrado y forma de pago.<\/p><p>Recabar informaci\u00f3n de los Servicios de Entrega que usted proporcione a trav\u00e9s de la Plataforma, tales como lugar de recolecci\u00f3n, lugar de entrega y estatus del pedido.<\/p><p>Brindar soporte y atenci\u00f3n al cliente.<\/p><p>Investigar, registrar y\/o resolver reclamos, controversias o incidentes en los que usted se vea involucrado.<\/p><p>Grabar el contenido de las llamadas y mensajes que haga o envi\u00e9 a trav\u00e9s de la Plataforma fin de verificar los hechos y atender las quejas en caso de controversias, accidentes o incidentes de seguridad en los que usted se vea involucrado.<\/p><p>Grabar el contenido de las llamadas y mensajes que haga o envi\u00e9 a trav\u00e9s de la Plataforma a fin de verificar los hechos y atender las quejas que en caso de controversias, accidentes o incidentes de seguridad en los que usted se vea involucrado.<\/p><p>Cuando usted contacte al equipo servicios al cliente, UbicaTplus podr\u00e1 grabar y\/o registrar informaci\u00f3n de la llamada para manejar las disputas y resolver los reclamos.<\/p><p>Prevenir, detectar y en su caso de ser necesario tratar y combatir el fraude o las actividades que se registren como poco seguras.<\/p><p>Preservar su seguridad, la del pasajero y\/o terceros y brindarles soporte en caso de necesitarlo.<\/p><p>Coadyuvar con las autoridades competentes a proteger la seguridad personal y de los bienes del Conductor, Pasajero o Tercero.<\/p><p>&nbsp;En caso de que el pasajero y\/o el veh\u00edculo, o bien de manera autom\u00e1tica en aquellos casos en que sea materialmente posible, grabar el audio y\/o el audio y video del Viaje con los siguientes prop\u00f3sitos:<\/p><ol style=\"list-style-type:upper-roman\" class=\"wp-block-list\"><li>Coadyuvar a proteger la seguridad f\u00edsica del pasajero, Conductor y\/o terceras personas.<\/li>\n\n<li>Colaborar en actividades relacionadas con la prevenci\u00f3n e investigaci\u00f3n de delitos ante las autoridades competentes de acuerdo con lo previsto por la normatividad aplicable.<\/li><\/ol><p>UbicaTplus proceder\u00e1 al monitoreo en tiempo real del Viaje y, cuando corresponda reportara de inmediato la situaci\u00f3n a las autoridades competentes. Asimismo, cuando legalmente sea exigido proporcionara a las autoridades competentes la informaci\u00f3n necesaria para la prevenci\u00f3n de delitos.<\/p><p>Las grabaciones se eliminaran dentro de los treinta d\u00edas siguientes a la finalizaci\u00f3n del viaje, salvo aquellas en la que se hubiere confirmado la existencia de un incidente de seguridad. Lo que UbicaTplus podr\u00e1 recabar la geolocalizaci\u00f3n del dispositivo al momento de accionar el bot\u00f3n de p\u00e1nico.<\/p><p>Compartir informaci\u00f3n de sus viajes en tiempo real con las personas que el pasajero y\/o el Conductor designen, para fines de seguridad.<\/p><p>Compartir informaci\u00f3n de su \u00faltimo viaje con los contactos de confianza previamente designados por usted&nbsp; cuando estos reportan a UbicaTplus su desaparici\u00f3n y UbicaTplus no logre contactarlo.<\/p><p>Monitorear su viaje en tiempo real para fines de seguridad.<\/p><p>Permitir el funcionamiento de la funciones de seguridad de la plataforma.<\/p><p>Compartir la informaci\u00f3n necesaria en caso de ser requerida por una autoridad competente.<\/p><p>Gestionar pruebas, investigaciones y an\u00e1lisis, as\u00ed como desarrollar productos y aprendizaje autom\u00e1tico con el fin de mejorar su experiencia.&nbsp;&nbsp;&nbsp;&nbsp;&nbsp;&nbsp;<\/p><p>Brindarle un servicio m\u00e1s personalizado y conveniente.<\/p><p>Dise\u00f1ar, desarrollar y promocionar productos y servicios nuevos basados en la estad\u00edstica de datos personales del conductor.<\/p><p>Permitir que se generen comunicaciones dentro de la plataforma entre usted y el pasajero.<\/p><p>Cobrar los cargos por servicios y transferir las cuotas de cooperaci\u00f3n a la cuenta que usted dio de alta as\u00ed como realizar cualquier otro cargo o pago relacionado con los Servicios y\/o los Servicios de Transporte.<\/p><p>Generarle facturas y certificados sobre retenci\u00f3n de impuestos, as\u00ed como, en su caso, apoyarle para que usted emita facturas o recibos a los Pasajeros por el Servicio de Transporte.<\/p><p>Permitir que usted evalu\u00e9 al pasajero. Le recordamos no incluir informaci\u00f3n personal al evaluarlo ya que dicha informaci\u00f3n podr\u00e1 ser revelada al pasajero. Revelar al pasajero su nombre, foto del perfil informaci\u00f3n del veh\u00edculo u otros que puedan resultar necesarios para la presentaci\u00f3n de los Servicios de Transporte y\/o los Servicios de Entrega y\/o para fines de seguridad.<\/p><p>En caso de haber sido referido por otro conductor y\/o alg\u00fan tercero, compartirle la informaci\u00f3n necesaria, incluyendo el n\u00famero de viajes completados, a fin de que quien lo refiera pueda acceder a las recompensas establecidas en el programa de recompensas correspondientes.<\/p><p><strong>Finalidades Secundarias: <\/strong>UbicaT+ tratara sus datos personales para llevar a cabo alguna o todas las finalidades secundarias que se mencionan a continuaci\u00f3n:<\/p><p>Enviarle mensajes publicitarios y\/o de marketing, ya sean propios y\/o de terceros, a trav\u00e9s de varios canales de contacto, como correo electr\u00f3nico, mensajes de texto o notificaciones emergentes en la Plataforma.<\/p><p>Esta publicidad puede ser personalizada en algunos casos.<\/p><p>Si desea que dejemos de evitarle mensajes publicitarios y\/o de marketing y de procesar su informaci\u00f3n personal con estos fines puede desactivar dichos mensajes conforme al procedimiento descrito en el apartado de \u201cDescuento y Noticias\u201d dentro de la secci\u00f3n \u201cFunciones de Privacidad de UbicaTplus\u201d de este Aviso de Privacidad o bien ejercido su derecho de oposici\u00f3n conforme a lo se\u00f1alado en la secci\u00f3n \u201cEjercicio de Derechos\u201d.<\/p><p>Contactarle a trav\u00e9s de medios electr\u00f3nicos o llamadas de tel\u00e9fono a efecto de ofrecerle alg\u00fan producto o servicio que pueda ser de su inter\u00e9s.<\/p><p>Realizar tratamientos de t\u00e9cnicas de an\u00e1lisis masivo de datos para actividades de perfilamiento a partir de combinar informaci\u00f3n facilitada por usted, la obtenida de fuentes de acceso p\u00fablico, incluyendo redes sociales, y aquella informaci\u00f3n que se pueda inferir u obtener como resultado de la aplicaci\u00f3n de diversas tecnolog\u00edas de an\u00e1lisis de datos.<\/p><p>Lo anterior para:&nbsp;&nbsp;&nbsp;&nbsp;&nbsp;&nbsp;&nbsp;&nbsp;&nbsp;&nbsp;&nbsp;&nbsp;<\/p><ol style=\"list-style-type:upper-roman\" class=\"wp-block-list\"><li>Contactarle y enviarle informaci\u00f3n de car\u00e1cter publicitario, promocional y\/o informativo que consideramos puede resultar de su inter\u00e9s; y<\/li><\/ol><p>Practicar encuestas de satisfacci\u00f3n para evaluar la calidad de nuestros Servicios o generar informaci\u00f3n para evaluar la calidad de nuestro Servicio o generar informaci\u00f3n estad\u00edstica y\/o de mercado.<\/p><p>Su participaci\u00f3n en las encuestas ser\u00e1 voluntaria y UbicaTplus podr\u00e1 difundir y\/o publicar los resultados de las mismas sin incluir sus datos personales.<\/p><p>Trat\u00e1ndose de encuestas an\u00f3nimas, le informamos que las mismas no se encuentran sujetas a la regulaci\u00f3n en materia de datos personales ni a lo previsto por el presente Aviso de Privacidad.<\/p><p>Ofrecerle o entregarle recompensas o art\u00edculos promocionales.<\/p><p>Compartir su informaci\u00f3n con los terceros respecto de los cuales se requiere sus conocimientos conforme al presente aviso de Privacidad.<\/p><p>Invitarlo a participar en programas, eventos y\/o actividades promocionales o con otros miembros de la comunidad UbicaTplus.<\/p><p>Compartir son los Socios No Conductores que puedan estar interesados en vincularse con usted, sus datos de identificaci\u00f3n y contacto, as\u00ed como su n\u00famero total de viajes y la calificaci\u00f3n en estrellas que le hayan otorgado los Pasajeros.<\/p><p>Si ha adquirido una p\u00f3liza de seguro a trav\u00e9s de algunos de nuestros socios comerciales, es factible que la aseguradora y\/o el intermediario de seguros compartan con nosotros informaci\u00f3n vinculada a la p\u00f3liza y la siniestralidad.<\/p><p>Esta informaci\u00f3n la utilizaremos exclusivamente para evaluar los resultados del programa y desarrollar iniciativas y estrategias comerciales destinadas a mejorar dicho programa.<\/p><p>Facilitar su registro en otras aplicaciones, productos y\/o servicios ofrecidos por UbicaTplus, sus empresas filiales, subsidiarias y\/o del mismo grupo empresarial.<\/p><p><strong>Mecanismo para oponerse a los usos del tratamiento: <\/strong>En caso que no desee que UbicaTplus trate sus datos personales para las finalidades secundarias, favor de comunicar su negativa a trav\u00e9s del Centro de Privacidad de UbicaTplus.<\/p><p><strong>Con que terceros compartimos sus datos personales: <\/strong>UbicaTplus podr\u00e1 transferir sus datos personales, a las siguientes entidades nacionales o extranjeras sin requerir su consentimiento:<\/p><p>Empresas afiliadas, subsidiarias, y\/o del mismo grupo empresarial que operan bajo las mismas pol\u00edticas internas en materia de protecci\u00f3n de datos personales.<\/p><p>Autoridades administrativas o judiciales competentes en el caos previsto por la normatividad aplicable.<\/p><p>Asimismo, si usted no se opone, UbicaTplus podr\u00e1 transferir sus datos personales a:<\/p><p>Socios comerciales y\/o terceras empresas del grupo para que estos puedan contactarle y ofrecerle bienes y\/o servicios que resulten de su inter\u00e9s, o bien para que se puedan determinar si usted es sujeto adquirir bienes y\/o servicios que dichos socios comerciales ofrecen.<\/p><p>Socios publicidad y\/o marketing para enviarle publicidad y\/o marketing para enviarle publicidad personalizada en sitios y\/o aplicaciones de terceros.<\/p><p>Socios comerciales y\/o terceras empresas del grupo para informarles si usted cumple con las condiciones para obtener pr\u00e9stamo y\/o cr\u00e9dito y para prevenir el fraude Terceras empresas del grupo que prestan servicios de procesamiento de pagos para facilitar los pagos que usted realice en la Plataforma y\/o aplicaciones o sitios web de terceros con los que dichas empresas del grupo que tengan alg\u00fan acuerdo vigente.<\/p><p>Socios comerciales con quienes hayan suscrito acuerdo correspondiente con el fin de emitir facturas por los Servicios de Transporte y\/o los Servicios de Entrega en su nombre.<\/p><p>En caso necesario, dichos socios comerciales podr\u00e1n obtener y validar su informaci\u00f3n fiscal en fuentes de acceso p\u00fablico.<\/p><p>En caso de que realicemos alguna transferencia adicional que requiera su consentimiento expreso, se recabara el mismo previamente.<\/p><p>Si usted no desea que UbicaTplus transfiera sus datos personales a aquellos terceros cuyo tratamiento est\u00e1 sujeto a su consentimiento, favor de comunic\u00e1rnoslo a trav\u00e9s de Centro de Privacidad de UbicaTplus.<\/p><p><strong>Ejercicio de Derechos: <\/strong>Usted podr\u00e1 ejercer cualquiera de los derechos de acceso, modificaci\u00f3n, supresi\u00f3n\/cancelaci\u00f3n u oposici\u00f3n, as\u00ed como revocar su consentimiento para el tratamiento de sus datos personales y limitaci\u00f3n de uso y\/o divulgaci\u00f3n de sus datos personales enviando una solicitud a trav\u00e9s del Centro de Privacidad de UbicaTplus. Donde se le atender\u00e1 en tiempo y forma.&nbsp;<\/p><p>Si por alg\u00fan motivo no puede acceder al Centro de Privacidad de UbicaTplus por favor cont\u00e1ctanos explicando la situaci\u00f3n en la direcci\u00f3n de Correo: contacto@mitaxi.com.mx.<\/p><p><strong>Datos que recabamos cuando usted usa la Plataforma: <\/strong>Le informamos que al hacer uso de la Plataforma, UbicaTplus podr\u00e1 recabar la siguiente informaci\u00f3n:<\/p><p>Datos de ubicaci\u00f3n precisos o aproximados de su dispositivo m\u00f3vil.<\/p><p>UbicaTplus recopila esta informaci\u00f3n cuando la aplicaci\u00f3n se ejecuta en primer plano (aplicaci\u00f3n abierta en pantalla)&nbsp; o en segundo plano (aplicaci\u00f3n abierta, pero no en pantalla) de su dispositivo m\u00f3vil.<\/p><p>Datos de uso: UbicaTplus recopila informaci\u00f3n respecto a c\u00f3mo interact\u00faa usted con nuestros servicios, como la fecha y hora de acceso, clics, funciones de la aplicaci\u00f3n o p\u00e1ginas vistas, ubicaciones guardadas, informaci\u00f3n de desplazamiento, b\u00fasquedas, tipo de navegador y sitios o servicios de terceros usados antes de interactuar con nuestros servicios.<\/p><p>Informaci\u00f3n de diagn\u00f3stico, tales como errores o fallas, informaci\u00f3n de desempe\u00f1o, tiempo de suspensi\u00f3n o bloqueo y uso de energ\u00eda.<\/p><p>Datos de los dispositivos usados para acceder a nuestros servicios, lo que incluye modelos de hardware, direcci\u00f3n IP, sistemas operativos y versiones, software, idiomas preferidos, identificadores \u00fanicos del dispositivo, identificadores de publicidad, n\u00fameros de serie, e informaci\u00f3n de movimiento del dispositivo o de las redes m\u00f3viles.<\/p><p>UbicaTplus Utilizara un mecanismo de almacenamiento en la red del navegador y el almacenamiento en memoria cache de los datos de aplicaci\u00f3n para recabar y almacenar informaci\u00f3n sobre su dispositivo.<\/p><p>Seg\u00fan los permisos que usted tenga habilitados, UbicaTplus podr\u00e1 tener acceso a cierto contenido de su dispositivo, tales como:<\/p><p>Ubicaci\u00f3n: para permitir que se realicen los viajes, activar las funciones de seguridad y prevenir y detectar el fraude.<\/p><p>C\u00e1mara: para tomar su foto de perfil y verificar su identidad a trav\u00e9s de reconocimiento facial.<\/p><p>\u00c1lbum de fotos: para cargar o editar su foto de perfil.<\/p><p>Lista de Contactos: para compartir su itinerario con alg\u00fan contacto, invitar a sus contactos a usar la aplicaci\u00f3n obtener recompensas por referir.<\/p><p>Micr\u00f3fono: para grabar o enviar mensajes de voz durante los viajes.<\/p><p>Usted podr\u00e1 habilitar o cancelar dichos permisos desde su dispositivo m\u00f3vil, y trat\u00e1ndose de la aplicaci\u00f3n de UbicaTplus tambi\u00e9n podr\u00e1 hacerlo desde la propia aplicaci\u00f3n, conforme al procedimiento se\u00f1alado en el apartado de \u201cFunciones de Privacidad de UbicaTplus\u201d<\/p><p>Asimismo, se considerar\u00e1 que usted otorga permisos de acceso a internet en el dispositivo cuando acceda o utilice la Plataforma.<\/p><p>UbicaTplus tratara la informaci\u00f3n se\u00f1alada anteriormente para cumplir con las siguientes finalidades:<\/p><p>Permitir el funcionamiento de la Plataforma, por ejemplo, para autenticarlo como usuario, habilitar ciertas funciones, prevenir el fraude, implementa mediadas de seguridad garantizar el tiempo de actividad del servidor, minimizar las fallas y bloqueos, mejorar la estabilidad y el rendimiento o brindarle soporte.<\/p><p>Para fines publicitarios o de marketing, por ejemplo, para mostrar anuncios en la Plataforma, enviarle comunicaciones o compartir datos con otras entidades que mostraran sus anuncios en la Plataforma; y<\/p><p>Para fines de an\u00e1lisis para evaluar el comportamiento del usuario, comprender la efectividad de las funciones de la Plataforma, planificar nuevas funciones y mejorar la experiencia de los usuarios.<\/p><p>Asimismo, le informamos que durante el uso de la Plataforma y\/o las p\u00e1ginas web de UbicaTplus, &nbsp;podr\u00e1, de tiempo en tiempo, proporcionarles enlaces o hiperv\u00ednculos a sitios web propiedad de terceros, para facilitar la comunicaci\u00f3n con ellos, para la adquisici\u00f3n de productos o servicios o para participar en actividades promocionales ofertadas por dichos terceros.<\/p><p>Al ingresar (hacer \u201cclics\u201d) en dichos enlaces o hiperv\u00ednculos (\u201clinks\u201d), usted abandonara el sitio web alojados por dichos terceros que est\u00e1n fuera de control de UbicaTplus y donde dichos terceros han elaborado sus propios t\u00e9rminos, condiciones y avisos de privacidad.<\/p><p>Por lo tanto, UbicaTplus no ser\u00e1 responsable del contenido y las actividades de dichas p\u00e1ginas web. Y UbicaTplus no asumir\u00e1 obligaci\u00f3n alguna al respecto.<\/p><p>Usted entender\u00e1 plenamente el contenido y las actividades de dicho sitio web y asumir\u00e1 plenamente la responsabilidad legal y los riesgos derivados de la navegaci\u00f3n o acceso a dichos sitios web.<\/p><p><strong>Conservaci\u00f3n de Datos Personales: <\/strong>Conservamos sus datos personales durante el tiempo necesario para cumplir con las finalidades informadas en este aviso de privacidad.<\/p><p>Una vez cumplidas las finalidades del tratamiento y si no hay ninguna obligaci\u00f3n legal que nos obligue a retener la informaci\u00f3n, procederemos a eliminar sus datos personales de manera segura y definitiva.<\/p><p><strong>Notificaciones y Obligaciones: <\/strong>UbicaTplus se reserva el derecho, bajo su exclusiva discreci\u00f3n, de cambiar, modificar, agregar o eliminar partes del presente Aviso de Privacidad en cualquier momento, por lo que le recomendamos consultar peri\u00f3dicamente este Aviso de Privacidad.<\/p><p>En la medida que la legislaci\u00f3n aplicable lo permita, el uso de nuestros Servicios y\/o de la Plataforma despu\u00e9s de una actualizaci\u00f3n constituye el consentimiento del Aviso de Privacidad modificado.<\/p><p><a><\/a><strong>Creaci\u00f3n: 7 de Marzo del 2025&nbsp;&nbsp;<\/strong><\/p><p><\/p>","protected":false},"excerpt":{"rendered":"<p>El presente Aviso de Privacidad se rige conforme a las leyes aplicables en materia de protecci\u00f3n de datos personales y privacidad de la informaci\u00f3n, derivado de que el responsable del tratamiento es la empresa UbicaTplus, cuyo establecimiento se encuentra en M\u00e9xico. Responsable del Tratamiento: UbicaTplus, con domicilio en calle Centro M\u00e9dico #210 int. 202. Colonia <a class=\"read-more\" href=\"https:\/\/mitaxi.com.mx\/?page_id=3\">Read More<\/a><\/p>\n","protected":false},"author":1,"featured_media":0,"parent":0,"menu_order":0,"comment_status":"closed","ping_status":"open","template":"","meta":{"footnotes":""},"class_list":["post-3","page","type-page","status-publish","hentry"],"_links":{"self":[{"href":"https:\/\/mitaxi.com.mx\/index.php?rest_route=\/wp\/v2\/pages\/3","targetHints":{"allow":["GET"]}}],"collection":[{"href":"https:\/\/mitaxi.com.mx\/index.php?rest_route=\/wp\/v2\/pages"}],"about":[{"href":"https:\/\/mitaxi.com.mx\/index.php?rest_route=\/wp\/v2\/types\/page"}],"author":[{"embeddable":true,"href":"https:\/\/mitaxi.com.mx\/index.php?rest_route=\/wp\/v2\/users\/1"}],"replies":[{"embeddable":true,"href":"https:\/\/mitaxi.com.mx\/index.php?rest_route=%2Fwp%2Fv2%2Fcomments&post=3"}],"version-history":[{"count":3,"href":"https:\/\/mitaxi.com.mx\/index.php?rest_route=\/wp\/v2\/pages\/3\/revisions"}],"predecessor-version":[{"id":217,"href":"https:\/\/mitaxi.com.mx\/index.php?rest_route=\/wp\/v2\/pages\/3\/revisions\/217"}],"wp:attachment":[{"href":"https:\/\/mitaxi.com.mx\/index.php?rest_route=%2Fwp%2Fv2%2Fmedia&parent=3"}],"curies":[{"name":"wp","href":"https:\/\/api.w.org\/{rel}","templated":true}]}}